{"id":45,"date":"2023-07-08T03:55:14","date_gmt":"2023-07-08T01:55:14","guid":{"rendered":"http:\/\/digicop.designervily.com\/demo1\/?page_id=13064"},"modified":"2023-08-23T21:06:12","modified_gmt":"2023-08-23T19:06:12","slug":"csapat","status":"publish","type":"page","link":"http:\/\/outdoorstudio.ro\/greensearch\/csapat\/","title":{"rendered":"A csapat"},"content":{"rendered":"\t\t<div data-elementor-type=\"wp-page\" data-elementor-id=\"45\" class=\"elementor elementor-45\" data-elementor-settings=\"[]\">\n\t\t\t\t\t\t\t<div class=\"elementor-section-wrap\">\n\t\t\t\t\t\t\t<section class=\"elementor-section elementor-top-section elementor-element elementor-element-529573d dsvy-col-stretched-none dsvy-bg-color-over-image elementor-section-boxed elementor-section-height-default elementor-section-height-default\" data-id=\"529573d\" data-element_type=\"section\">\n\t\t\t\t\t\t<div class=\"elementor-container elementor-column-gap-default\">\n\t\t\t\t\t<div class=\"elementor-column elementor-col-100 elementor-top-column elementor-element elementor-element-0575d2a dsvy-bg-color-over-image\" data-id=\"0575d2a\" data-element_type=\"column\">\n\t\t\t<div class=\"elementor-widget-wrap elementor-element-populated\">\n\t\t\t\t\t\t\t\t<div class=\"elementor-element elementor-element-6877068 dsvy-align-center elementor-widget elementor-widget-dsvy_heading\" data-id=\"6877068\" data-element_type=\"widget\" data-widget_type=\"dsvy_heading.default\">\n\t\t\t\t<div class=\"elementor-widget-container\">\n\t\t\t\t<div class=\"dsvy-heading-subheading center-align \"><h2 class=\"dsvy-element-title\">\r\n\t\t\t\r\n\t\t\t\tHossz\u00fa t\u00e1von a szakmais\u00e1g sz\u00e1m\u00edt.<br>\nDe a megszok\u00e1st, a k\u00e9nyelmes utat id\u0151r\u0151l id\u0151re el kell engedni. Ez a fejl\u0151d\u00e9s kulcsa.\n\r\n\t\t\t\r\n\t\t\t<\/h2>\r\n\t\t<\/div>\t\t<\/div>\n\t\t\t\t<\/div>\n\t\t\t\t\t<\/div>\n\t\t<\/div>\n\t\t\t\t\t\t\t<\/div>\n\t\t<\/section>\n\t\t\t\t<section class=\"elementor-section elementor-top-section elementor-element elementor-element-69180f8 dsvy-col-stretched-none dsvy-bg-color-over-image elementor-section-boxed elementor-section-height-default elementor-section-height-default\" data-id=\"69180f8\" data-element_type=\"section\">\n\t\t\t\t\t\t<div class=\"elementor-container elementor-column-gap-default\">\n\t\t\t\t\t<div class=\"elementor-column elementor-col-50 elementor-top-column elementor-element elementor-element-3c9faf7 dsvy-bg-color-over-image\" data-id=\"3c9faf7\" data-element_type=\"column\">\n\t\t\t<div class=\"elementor-widget-wrap elementor-element-populated\">\n\t\t\t\t\t\t\t\t<div class=\"elementor-element elementor-element-15b870e elementor-widget elementor-widget-image\" data-id=\"15b870e\" data-element_type=\"widget\" data-widget_type=\"image.default\">\n\t\t\t\t<div class=\"elementor-widget-container\">\n\t\t\t\t\t\t\t\t\t\t\t\t\t\t\t<img loading=\"lazy\" decoding=\"async\" width=\"800\" height=\"800\" src=\"http:\/\/outdoorstudio.ro\/greensearch\/wp-content\/uploads\/IMG_5269-scaled-1.jpg\" class=\"attachment-large size-large\" alt=\"\" \/>\t\t\t\t\t\t\t\t\t\t\t\t\t\t\t<\/div>\n\t\t\t\t<\/div>\n\t\t\t\t\t<\/div>\n\t\t<\/div>\n\t\t\t\t<div class=\"elementor-column elementor-col-50 elementor-top-column elementor-element elementor-element-97fe8b0 dsvy-bg-color-over-image\" data-id=\"97fe8b0\" data-element_type=\"column\">\n\t\t\t<div class=\"elementor-widget-wrap elementor-element-populated\">\n\t\t\t\t\t\t\t\t<div class=\"elementor-element elementor-element-db2ad27 elementor-widget elementor-widget-text-editor\" data-id=\"db2ad27\" data-element_type=\"widget\" data-widget_type=\"text-editor.default\">\n\t\t\t\t<div class=\"elementor-widget-container\">\n\t\t\t\t\t\t\t<p>B\u00fcszk\u00e9k vagyunk r\u00e1, hogy mindig k\u00e9pesek vagyunk meg\u00fajulni, fejl\u0151dni \u00e9s valamit az els\u0151k k\u00f6z\u00f6tt l\u00e9trehozni. Projektjeink t\u00f6bb mint fele a \u201emission impossible\u201d kateg\u00f3ri\u00e1ba tartozik, de t\u00f6bb \u00e9ves egy\u00fcttm\u0171k\u00f6d\u00e9s\u00fcnk ut\u00e1n partnereink tudj\u00e1k: a v\u00e9g\u00e9n lesz megold\u00e1s. Hogyan lehets\u00e9ges ez?<\/p><p>A tapasztalat teszi vagy a kapcsolatrendszer? Esetleg a tan\u00e1csad\u00f3i k\u00e9pess\u00e9geink? Hisz\u00fcnk abban, hogy a munk\u00e1nk ir\u00e1nti al\u00e1zat, a szorgalom, a tenni akar\u00e1s \u2013 Partnerek \u00e9s Jel\u00f6ltek ir\u00e1nt egyar\u00e1nt \u2013 meghozza a gy\u00fcm\u00f6lcs\u00e9t.<\/p><p><strong>Keresett poz\u00edci\u00f3k:<\/strong><br \/>\u2022 k\u00f6z\u00e9p-\u00e9s fels\u0151vezet\u0151k<br \/>\u2022 specialist\u00e1k (minden szakter\u00fclet beosztotti poz\u00edci\u00f3 \u00fagy, mint m\u00e9rn\u00f6k \u00fczletk\u00f6t\u0151k, marketing szakemberek, p\u00e9nz\u00fcgyesek, logisztikai munkat\u00e1rsak, termel\u00e9sben dolgoz\u00f3 m\u00e9rn\u00f6k\u00f6k)<\/p>\t\t\t\t\t\t<\/div>\n\t\t\t\t<\/div>\n\t\t\t\t\t<\/div>\n\t\t<\/div>\n\t\t\t\t\t\t\t<\/div>\n\t\t<\/section>\n\t\t\t\t<section class=\"elementor-section elementor-top-section elementor-element elementor-element-0207d1d dsvy-col-stretched-none dsvy-bg-color-over-image elementor-section-boxed elementor-section-height-default elementor-section-height-default\" data-id=\"0207d1d\" data-element_type=\"section\">\n\t\t\t\t\t\t<div class=\"elementor-container elementor-column-gap-default\">\n\t\t\t\t\t<div class=\"elementor-column elementor-col-50 elementor-top-column elementor-element elementor-element-d7b72c6 dsvy-bg-color-over-image\" data-id=\"d7b72c6\" data-element_type=\"column\">\n\t\t\t<div class=\"elementor-widget-wrap elementor-element-populated\">\n\t\t\t\t\t\t\t\t<div class=\"elementor-element elementor-element-ca8f74e elementor-widget elementor-widget-image\" data-id=\"ca8f74e\" data-element_type=\"widget\" data-widget_type=\"image.default\">\n\t\t\t\t<div class=\"elementor-widget-container\">\n\t\t\t\t\t\t\t\t\t\t\t\t\t\t\t<img loading=\"lazy\" decoding=\"async\" width=\"800\" height=\"458\" src=\"http:\/\/outdoorstudio.ro\/greensearch\/wp-content\/uploads\/IMG_5299-1-scaled-1.jpg\" class=\"attachment-large size-large\" alt=\"\" \/>\t\t\t\t\t\t\t\t\t\t\t\t\t\t\t<\/div>\n\t\t\t\t<\/div>\n\t\t\t\t\t<\/div>\n\t\t<\/div>\n\t\t\t\t<div class=\"elementor-column elementor-col-50 elementor-top-column elementor-element elementor-element-43a6690 dsvy-bg-color-over-image\" data-id=\"43a6690\" data-element_type=\"column\">\n\t\t\t<div class=\"elementor-widget-wrap elementor-element-populated\">\n\t\t\t\t\t\t\t\t<div class=\"elementor-element elementor-element-9619f70 dsvy-align-left elementor-widget elementor-widget-dsvy_heading\" data-id=\"9619f70\" data-element_type=\"widget\" data-widget_type=\"dsvy_heading.default\">\n\t\t\t\t<div class=\"elementor-widget-container\">\n\t\t\t\t<div class=\"dsvy-heading-subheading left-align \"><h2 class=\"dsvy-element-title\">\r\n\t\t\t\r\n\t\t\t\tMi\u00e9rt v\u00e1lasszon minket?\n\r\n\t\t\t\r\n\t\t\t<\/h2>\r\n\t\t<\/div>\t\t<\/div>\n\t\t\t\t<\/div>\n\t\t\t\t<div class=\"elementor-element elementor-element-05fa2aa elementor-widget elementor-widget-text-editor\" data-id=\"05fa2aa\" data-element_type=\"widget\" data-widget_type=\"text-editor.default\">\n\t\t\t\t<div class=\"elementor-widget-container\">\n\t\t\t\t\t\t\t<p>\u2022 t\u00f6bb mint 500 projekt<br \/>\u2022 t\u00f6bb mint 1000 elhelyez\u00e9s<br \/>\u2022 5000 el\u0151sz\u0171rt, ipar\u00e1gak alapj\u00e1n kategoriz\u00e1lt jel\u00f6lti adatbank <br \/>\u2022 hossz\u00fat\u00e1v\u00fa kapcsolatok: \u00fcgyfeleink nagy r\u00e9sze t\u00f6bb mint 5 \u00e9ve partner\u00fcnk<br \/>\u2022 pozit\u00edv jel\u00f6lt\u00e9lm\u00e9ny: jel\u00f6ltjeink gyakran \u00fcgyfeleink lesznek<br \/>\u2022 2022 \u00f3ta k\u00fclf\u00f6ldi megb\u00edz\u00e1sok<\/p>\t\t\t\t\t\t<\/div>\n\t\t\t\t<\/div>\n\t\t\t\t\t<\/div>\n\t\t<\/div>\n\t\t\t\t\t\t\t<\/div>\n\t\t<\/section>\n\t\t\t\t<section class=\"elementor-section elementor-top-section elementor-element elementor-element-8674bbb dsvy-col-stretched-none dsvy-bg-color-over-image elementor-section-boxed elementor-section-height-default elementor-section-height-default\" data-id=\"8674bbb\" data-element_type=\"section\">\n\t\t\t\t\t\t<div class=\"elementor-container elementor-column-gap-default\">\n\t\t\t\t\t<div class=\"elementor-column elementor-col-100 elementor-top-column elementor-element elementor-element-2fdd6d4 dsvy-bg-color-over-image\" data-id=\"2fdd6d4\" data-element_type=\"column\">\n\t\t\t<div class=\"elementor-widget-wrap elementor-element-populated\">\n\t\t\t\t\t\t\t\t<div class=\"elementor-element elementor-element-4b9225c elementor-widget elementor-widget-dsvy_team_element\" data-id=\"4b9225c\" data-element_type=\"widget\" data-widget_type=\"dsvy_team_element.default\">\n\t\t\t\t<div class=\"elementor-widget-container\">\n\t\t\t\r\n\t\t<div class=\"designervily-element designervily-element-team dsvy-element-team-style-2 designervily-element-viewtype-row-column designervily-gap-15px\" data-show=\"21\" data-columns=\"3\" data-loop=\"false\" data-autoplay=\"false\" data-center=\"false\" data-nav=\"false\" data-dots=\"false\" data-autoplayspeed=\"1000\" data-margin=\"15px\"><div class=\"designervily-element-inner\">\r\n\t\t\r\n\t\t\t<div class=\"dsvy-ele-header-area\">\r\n\t\t\t\t\t<div class=\"dsvy-heading-subheading left-align \"><\/div>\r\n\t\t\t\t\r\n\t\t\t<\/div>\r\n\r\n\t\t\t<div class=\"dsvy-element-posts-wrapper row multi-columns-row\">\r\n\r\n\t\t\t<article class=\"dsvy-ele dsvy-ele-team dsvy-team-style-2 col-md-4 direkt-kereses  \">\r\n\t<div class=\"designervily-post-item\">\r\n\t\t<div class=\"designervily-team-image-box\">\t\t\r\n\t\t\t<div class=\"designervily-box-social-links\"><ul class=\"dsvy-social-links dsvy-team-social-links\"><li class=\"dsvy-social-li dsvy-social-linkedin\"><a href=\"http:\/\/linkedin.com\/in\/andrea-de\u00e1k-87437048\" title=\"LinkedIn\" target=\"_blank\"><span><i class=\"dsvy-base-icon-linkedin-squared\"><\/i><\/span><\/a><\/li><\/ul><\/div>\t\r\n\t\t\t<div class=\"dsvy-featured-wrapper\"><a href=\"http:\/\/outdoorstudio.ro\/greensearch\/team\/deak-andrea\/\"><img loading=\"lazy\" decoding=\"async\" width=\"533\" height=\"800\" src=\"http:\/\/outdoorstudio.ro\/greensearch\/wp-content\/uploads\/deak-andi-n.jpg\" class=\"attachment-dsvy-img-600x800 size-dsvy-img-600x800 wp-post-image\" alt=\"\" \/><\/a><\/div>\t\t<\/div>\r\n\t\t<div class=\"designervily-box-content\">\t\t\t\r\n\t\t\t<div class=\"designervily-box-team-position\">\r\n\t\t\t\t\t\t<div class=\"designervily-box-team-position\">\u00dcgyvezet\u0151, senior tan\u00e1csad\u00f3<\/div>\r\n\t\t\t\t\t<\/div>\t\r\n\t\t\t<h3 class=\"dsvy-team-title\"><a href=\"http:\/\/outdoorstudio.ro\/greensearch\/team\/deak-andrea\/\">De\u00e1k Andrea<\/a><\/h3>\t\r\n\t\t<\/div>\t\t\r\n\t<\/div>\r\n\r\n <\/article><article class=\"dsvy-ele dsvy-ele-team dsvy-team-style-2 col-md-4   \">\r\n\t<div class=\"designervily-post-item\">\r\n\t\t<div class=\"designervily-team-image-box\">\t\t\r\n\t\t\t<div class=\"designervily-box-social-links\"><ul class=\"dsvy-social-links dsvy-team-social-links\"><li class=\"dsvy-social-li dsvy-social-linkedin\"><a href=\"http:\/\/linkedin.com\/in\/martarostas\" title=\"LinkedIn\" target=\"_blank\"><span><i class=\"dsvy-base-icon-linkedin-squared\"><\/i><\/span><\/a><\/li><\/ul><\/div>\t\r\n\t\t\t<div class=\"dsvy-featured-wrapper\"><a href=\"http:\/\/outdoorstudio.ro\/greensearch\/team\/rostas-marta\/\"><img loading=\"lazy\" decoding=\"async\" width=\"533\" height=\"800\" src=\"http:\/\/outdoorstudio.ro\/greensearch\/wp-content\/uploads\/rostas-marta.jpg\" class=\"attachment-dsvy-img-600x800 size-dsvy-img-600x800 wp-post-image\" alt=\"\" \/><\/a><\/div>\t\t<\/div>\r\n\t\t<div class=\"designervily-box-content\">\t\t\t\r\n\t\t\t<div class=\"designervily-box-team-position\">\r\n\t\t\t\t\t\t<div class=\"designervily-box-team-position\">Senior tan\u00e1csad\u00f3<\/div>\r\n\t\t\t\t\t<\/div>\t\r\n\t\t\t<h3 class=\"dsvy-team-title\"><a href=\"http:\/\/outdoorstudio.ro\/greensearch\/team\/rostas-marta\/\">Rost\u00e1s M\u00e1rta<\/a><\/h3>\t\r\n\t\t<\/div>\t\t\r\n\t<\/div>\r\n\r\n <\/article><article class=\"dsvy-ele dsvy-ele-team dsvy-team-style-2 col-md-4   \">\r\n\t<div class=\"designervily-post-item\">\r\n\t\t<div class=\"designervily-team-image-box\">\t\t\r\n\t\t\t<div class=\"designervily-box-social-links\"><ul class=\"dsvy-social-links dsvy-team-social-links\"><li class=\"dsvy-social-li dsvy-social-linkedin\"><a href=\"http:\/\/linkedin.com\/in\/rosta-eszter-41a12884\" title=\"LinkedIn\" target=\"_blank\"><span><i class=\"dsvy-base-icon-linkedin-squared\"><\/i><\/span><\/a><\/li><\/ul><\/div>\t\r\n\t\t\t<div class=\"dsvy-featured-wrapper\"><a href=\"http:\/\/outdoorstudio.ro\/greensearch\/team\/rosta-eszter\/\"><img loading=\"lazy\" decoding=\"async\" width=\"533\" height=\"800\" src=\"http:\/\/outdoorstudio.ro\/greensearch\/wp-content\/uploads\/rosta-eszter-1.jpg\" class=\"attachment-dsvy-img-600x800 size-dsvy-img-600x800 wp-post-image\" alt=\"\" \/><\/a><\/div>\t\t<\/div>\r\n\t\t<div class=\"designervily-box-content\">\t\t\t\r\n\t\t\t<div class=\"designervily-box-team-position\">\r\n\t\t\t\t\t\t<div class=\"designervily-box-team-position\">Senior tan\u00e1csad\u00f3<\/div>\r\n\t\t\t\t\t<\/div>\t\r\n\t\t\t<h3 class=\"dsvy-team-title\"><a href=\"http:\/\/outdoorstudio.ro\/greensearch\/team\/rosta-eszter\/\">Rosta Eszter<\/a><\/h3>\t\r\n\t\t<\/div>\t\t\r\n\t<\/div>\r\n\r\n <\/article><article class=\"dsvy-ele dsvy-ele-team dsvy-team-style-2 col-md-4   \">\r\n\t<div class=\"designervily-post-item\">\r\n\t\t<div class=\"designervily-team-image-box\">\t\t\r\n\t\t\t<div class=\"designervily-box-social-links\"><ul class=\"dsvy-social-links dsvy-team-social-links\"><li class=\"dsvy-social-li dsvy-social-linkedin\"><a href=\"http:\/\/linkedin.com\/in\/nikolett-rig\u00f3-393425210\" title=\"LinkedIn\" target=\"_blank\"><span><i class=\"dsvy-base-icon-linkedin-squared\"><\/i><\/span><\/a><\/li><\/ul><\/div>\t\r\n\t\t\t<div class=\"dsvy-featured-wrapper\"><a href=\"http:\/\/outdoorstudio.ro\/greensearch\/team\/rigo-nikoletta\/\"><img loading=\"lazy\" decoding=\"async\" width=\"533\" height=\"800\" src=\"http:\/\/outdoorstudio.ro\/greensearch\/wp-content\/uploads\/rigo-1.jpg\" class=\"attachment-dsvy-img-600x800 size-dsvy-img-600x800 wp-post-image\" alt=\"\" \/><\/a><\/div>\t\t<\/div>\r\n\t\t<div class=\"designervily-box-content\">\t\t\t\r\n\t\t\t<div class=\"designervily-box-team-position\">\r\n\t\t\t\t\t\t<div class=\"designervily-box-team-position\">Research\/ tan\u00e1csad\u00f3<\/div>\r\n\t\t\t\t\t<\/div>\t\r\n\t\t\t<h3 class=\"dsvy-team-title\"><a href=\"http:\/\/outdoorstudio.ro\/greensearch\/team\/rigo-nikoletta\/\">Rig\u00f3 Nikoletta<\/a><\/h3>\t\r\n\t\t<\/div>\t\t\r\n\t<\/div>\r\n\r\n <\/article><article class=\"dsvy-ele dsvy-ele-team dsvy-team-style-2 col-md-4   \">\r\n\t<div class=\"designervily-post-item\">\r\n\t\t<div class=\"designervily-team-image-box\">\t\t\r\n\t\t\t<div class=\"designervily-box-social-links\"><ul class=\"dsvy-social-links dsvy-team-social-links\"><li class=\"dsvy-social-li dsvy-social-linkedin\"><a href=\"http:\/\/linkedin.com\/in\/katalin-marosi-8a66b12b\" title=\"LinkedIn\" target=\"_blank\"><span><i class=\"dsvy-base-icon-linkedin-squared\"><\/i><\/span><\/a><\/li><\/ul><\/div>\t\r\n\t\t\t<div class=\"dsvy-featured-wrapper\"><a href=\"http:\/\/outdoorstudio.ro\/greensearch\/team\/marosi-katalin\/\"><img loading=\"lazy\" decoding=\"async\" width=\"533\" height=\"800\" src=\"http:\/\/outdoorstudio.ro\/greensearch\/wp-content\/uploads\/marosi-katalin-1.jpg\" class=\"attachment-dsvy-img-600x800 size-dsvy-img-600x800 wp-post-image\" alt=\"\" \/><\/a><\/div>\t\t<\/div>\r\n\t\t<div class=\"designervily-box-content\">\t\t\t\r\n\t\t\t<div class=\"designervily-box-team-position\">\r\n\t\t\t\t\t\t<div class=\"designervily-box-team-position\">Research \/ tan\u00e1csad\u00f3<\/div>\r\n\t\t\t\t\t<\/div>\t\r\n\t\t\t<h3 class=\"dsvy-team-title\"><a href=\"http:\/\/outdoorstudio.ro\/greensearch\/team\/marosi-katalin\/\">Marosi Katalin<\/a><\/h3>\t\r\n\t\t<\/div>\t\t\r\n\t<\/div>\r\n\r\n <\/article><article class=\"dsvy-ele dsvy-ele-team dsvy-team-style-2 col-md-4   \">\r\n\t<div class=\"designervily-post-item\">\r\n\t\t<div class=\"designervily-team-image-box\">\t\t\r\n\t\t\t<div class=\"designervily-box-social-links\"><ul class=\"dsvy-social-links dsvy-team-social-links\"><li class=\"dsvy-social-li dsvy-social-linkedin\"><a href=\"http:\/\/linkedin.com\/in\/peterbohacs\" title=\"LinkedIn\" target=\"_blank\"><span><i class=\"dsvy-base-icon-linkedin-squared\"><\/i><\/span><\/a><\/li><\/ul><\/div>\t\r\n\t\t\t<div class=\"dsvy-featured-wrapper\"><a href=\"http:\/\/outdoorstudio.ro\/greensearch\/team\/bohacs-peter\/\"><img loading=\"lazy\" decoding=\"async\" width=\"533\" height=\"800\" src=\"http:\/\/outdoorstudio.ro\/greensearch\/wp-content\/uploads\/GS-Peter-8302.jpg\" class=\"attachment-dsvy-img-600x800 size-dsvy-img-600x800 wp-post-image\" alt=\"\" \/><\/a><\/div>\t\t<\/div>\r\n\t\t<div class=\"designervily-box-content\">\t\t\t\r\n\t\t\t<div class=\"designervily-box-team-position\">\r\n\t\t\t\t\t\t<div class=\"designervily-box-team-position\">PR, marketing<\/div>\r\n\t\t\t\t\t<\/div>\t\r\n\t\t\t<h3 class=\"dsvy-team-title\"><a href=\"http:\/\/outdoorstudio.ro\/greensearch\/team\/bohacs-peter\/\">Boh\u00e1cs P\u00e9ter<\/a><\/h3>\t\r\n\t\t<\/div>\t\t\r\n\t<\/div>\r\n\r\n <\/article><article class=\"dsvy-ele dsvy-ele-team dsvy-team-style-2 col-md-4   \">\r\n\t<div class=\"designervily-post-item\">\r\n\t\t<div class=\"designervily-team-image-box\">\t\t\r\n\t\t\t<div class=\"designervily-box-social-links\"><ul class=\"dsvy-social-links dsvy-team-social-links\"><li class=\"dsvy-social-li dsvy-social-linkedin\"><a href=\"http:\/\/linkedin.com\/in\/m\u00e1rton-zsombor-628587bb\" title=\"LinkedIn\" target=\"_blank\"><span><i class=\"dsvy-base-icon-linkedin-squared\"><\/i><\/span><\/a><\/li><\/ul><\/div>\t\r\n\t\t\t<div class=\"dsvy-featured-wrapper\"><a href=\"http:\/\/outdoorstudio.ro\/greensearch\/team\/marton-zsombor\/\"><img loading=\"lazy\" decoding=\"async\" width=\"533\" height=\"800\" src=\"http:\/\/outdoorstudio.ro\/greensearch\/wp-content\/uploads\/GS-Zsombor-8478.jpg\" class=\"attachment-dsvy-img-600x800 size-dsvy-img-600x800 wp-post-image\" alt=\"\" \/><\/a><\/div>\t\t<\/div>\r\n\t\t<div class=\"designervily-box-content\">\t\t\t\r\n\t\t\t<div class=\"designervily-box-team-position\">\r\n\t\t\t\t\t\t<div class=\"designervily-box-team-position\">Research - IT<\/div>\r\n\t\t\t\t\t<\/div>\t\r\n\t\t\t<h3 class=\"dsvy-team-title\"><a href=\"http:\/\/outdoorstudio.ro\/greensearch\/team\/marton-zsombor\/\">M\u00e1rton Zsombor<\/a><\/h3>\t\r\n\t\t<\/div>\t\t\r\n\t<\/div>\r\n\r\n <\/article><article class=\"dsvy-ele dsvy-ele-team dsvy-team-style-2 col-md-4   \">\r\n\t<div class=\"designervily-post-item\">\r\n\t\t<div class=\"designervily-team-image-box\">\t\t\r\n\t\t\t<div class=\"designervily-box-social-links\"><ul class=\"dsvy-social-links dsvy-team-social-links\"><li class=\"dsvy-social-li dsvy-social-linkedin\"><a href=\"http:\/\/linkedin.com\/in\/m\u00e1rton-zsombor-628587bb\" title=\"LinkedIn\" target=\"_blank\"><span><i class=\"dsvy-base-icon-linkedin-squared\"><\/i><\/span><\/a><\/li><\/ul><\/div>\t\r\n\t\t\t<div class=\"dsvy-featured-wrapper\"><a href=\"http:\/\/outdoorstudio.ro\/greensearch\/team\/tezas-daniel\/\"><img loading=\"lazy\" decoding=\"async\" width=\"533\" height=\"800\" src=\"http:\/\/outdoorstudio.ro\/greensearch\/wp-content\/uploads\/dani-1.jpg\" class=\"attachment-dsvy-img-600x800 size-dsvy-img-600x800 wp-post-image\" alt=\"\" \/><\/a><\/div>\t\t<\/div>\r\n\t\t<div class=\"designervily-box-content\">\t\t\t\r\n\t\t\t<div class=\"designervily-box-team-position\">\r\n\t\t\t\t\t\t<div class=\"designervily-box-team-position\">Research - IT<\/div>\r\n\t\t\t\t\t<\/div>\t\r\n\t\t\t<h3 class=\"dsvy-team-title\"><a href=\"http:\/\/outdoorstudio.ro\/greensearch\/team\/tezas-daniel\/\">Tez\u00e1s D\u00e1niel<\/a><\/h3>\t\r\n\t\t<\/div>\t\t\r\n\t<\/div>\r\n\r\n <\/article>\r\n\t\t\t<\/div>\r\n\r\n\t\t\t\r\n\t\t\r\n\t\t<\/div><!-- .designervily-element-inner -->   <\/div><!-- .designervily-element -->  \r\n\t    \t\t<\/div>\n\t\t\t\t<\/div>\n\t\t\t\t\t<\/div>\n\t\t<\/div>\n\t\t\t\t\t\t\t<\/div>\n\t\t<\/section>\n\t\t\t\t\t\t<\/div>\n\t\t\t\t\t<\/div>\n\t\t","protected":false},"excerpt":{"rendered":"<p>Hossz\u00fa t\u00e1von a szakmais\u00e1g sz\u00e1m\u00edt. De a megszok\u00e1st, a k\u00e9nyelmes utat id\u0151r\u0151l id\u0151re el kell engedni. Ez a fejl\u0151d\u00e9s kulcsa. B\u00fcszk\u00e9k vagyunk r\u00e1, hogy mindig k\u00e9pesek vagyunk meg\u00fajulni, fejl\u0151dni \u00e9s valamit az els\u0151k k\u00f6z\u00f6tt l\u00e9trehozni. Projektjeink t\u00f6bb mint fele a \u201emission impossible\u201d kateg\u00f3ri\u00e1ba tartozik, de t\u00f6bb \u00e9ves egy\u00fcttm\u0171k\u00f6d\u00e9s\u00fcnk ut\u00e1n partnereink tudj\u00e1k: a v\u00e9g\u00e9n lesz megold\u00e1s. Hogyan lehets\u00e9ges ez? A tapasztalat teszi vagy a kapcsolatrendszer? Esetleg a tan\u00e1csad\u00f3i k\u00e9pess\u00e9geink? Hisz\u00fcnk abban,[&hellip;]<\/p>\n","protected":false},"author":1,"featured_media":0,"parent":0,"menu_order":8,"comment_status":"closed","ping_status":"closed","template":"","meta":{"footnotes":""},"class_list":["post-45","page","type-page","status-publish","hentry"],"acf":[],"_links":{"self":[{"href":"http:\/\/outdoorstudio.ro\/greensearch\/wp-json\/wp\/v2\/pages\/45","targetHints":{"allow":["GET"]}}],"collection":[{"href":"http:\/\/outdoorstudio.ro\/greensearch\/wp-json\/wp\/v2\/pages"}],"about":[{"href":"http:\/\/outdoorstudio.ro\/greensearch\/wp-json\/wp\/v2\/types\/page"}],"author":[{"embeddable":true,"href":"http:\/\/outdoorstudio.ro\/greensearch\/wp-json\/wp\/v2\/users\/1"}],"replies":[{"embeddable":true,"href":"http:\/\/outdoorstudio.ro\/greensearch\/wp-json\/wp\/v2\/comments?post=45"}],"version-history":[{"count":32,"href":"http:\/\/outdoorstudio.ro\/greensearch\/wp-json\/wp\/v2\/pages\/45\/revisions"}],"predecessor-version":[{"id":9056,"href":"http:\/\/outdoorstudio.ro\/greensearch\/wp-json\/wp\/v2\/pages\/45\/revisions\/9056"}],"wp:attachment":[{"href":"http:\/\/outdoorstudio.ro\/greensearch\/wp-json\/wp\/v2\/media?parent=45"}],"curies":[{"name":"wp","href":"https:\/\/api.w.org\/{rel}","templated":true}]}}