{"id":8752,"date":"2023-08-01T22:29:58","date_gmt":"2023-08-01T20:29:58","guid":{"rendered":"http:\/\/outdoorstudio.ro\/greensearch\/?page_id=8752"},"modified":"2023-09-05T16:14:05","modified_gmt":"2023-09-05T14:14:05","slug":"munkaeropiaci-tanacsadas","status":"publish","type":"page","link":"http:\/\/outdoorstudio.ro\/greensearch\/munkaeropiaci-tanacsadas\/","title":{"rendered":"Munkaer\u0151piaci tan\u00e1csad\u00e1s"},"content":{"rendered":"\t\t<div data-elementor-type=\"wp-page\" data-elementor-id=\"8752\" class=\"elementor elementor-8752\" data-elementor-settings=\"[]\">\n\t\t\t\t\t\t\t<div class=\"elementor-section-wrap\">\n\t\t\t\t\t\t\t<section class=\"elementor-section elementor-top-section elementor-element elementor-element-69180f8 dsvy-col-stretched-none dsvy-bg-color-over-image elementor-section-boxed elementor-section-height-default elementor-section-height-default\" data-id=\"69180f8\" data-element_type=\"section\">\n\t\t\t\t\t\t<div class=\"elementor-container elementor-column-gap-default\">\n\t\t\t\t\t<div class=\"elementor-column elementor-col-100 elementor-top-column elementor-element elementor-element-97fe8b0 dsvy-bg-color-over-image\" data-id=\"97fe8b0\" data-element_type=\"column\">\n\t\t\t<div class=\"elementor-widget-wrap elementor-element-populated\">\n\t\t\t\t\t\t\t\t<div class=\"elementor-element elementor-element-6877068 dsvy-align-center elementor-widget elementor-widget-dsvy_heading\" data-id=\"6877068\" data-element_type=\"widget\" data-widget_type=\"dsvy_heading.default\">\n\t\t\t\t<div class=\"elementor-widget-container\">\n\t\t\t\t<div class=\"dsvy-heading-subheading center-align dsvy-reverse-heading-yes\"><h2 class=\"dsvy-element-title\">\r\n\t\t\t\r\n\t\t\t\tA munkaer\u0151piaci tan\u00e1csad\u00e1s egy olyan ...\r\n\t\t\t\r\n\t\t\t<\/h2>\r\n\t\t<\/div>\t\t<\/div>\n\t\t\t\t<\/div>\n\t\t\t\t\t<\/div>\n\t\t<\/div>\n\t\t\t\t\t\t\t<\/div>\n\t\t<\/section>\n\t\t\t\t<section class=\"elementor-section elementor-top-section elementor-element elementor-element-c17c473 dsvy-col-stretched-none dsvy-bg-color-over-image elementor-section-boxed elementor-section-height-default elementor-section-height-default\" data-id=\"c17c473\" data-element_type=\"section\">\n\t\t\t\t\t\t<div class=\"elementor-container elementor-column-gap-default\">\n\t\t\t\t\t<div class=\"elementor-column elementor-col-100 elementor-top-column elementor-element elementor-element-45e28ec dsvy-bg-color-over-image\" data-id=\"45e28ec\" data-element_type=\"column\">\n\t\t\t<div class=\"elementor-widget-wrap elementor-element-populated\">\n\t\t\t\t\t\t\t\t<div class=\"elementor-element elementor-element-651375b elementor-widget elementor-widget-text-editor\" data-id=\"651375b\" data-element_type=\"widget\" data-widget_type=\"text-editor.default\">\n\t\t\t\t<div class=\"elementor-widget-container\">\n\t\t\t\t\t\t\t<p><strong>&#8230; egy\u00e9ni ig\u00e9nyekre szabott szolg\u00e1ltat\u00e1s, mely seg\u00edt felismerni \u00e9s kibontakoztatni a szakmai tud\u00e1sban rejl\u0151 lehet\u0151s\u00e9geket.<\/strong> Tapasztalt szakembereink a leg\u00fajabb ipar\u00e1gi trendek \u00e9s a munkaer\u0151piac v\u00e1ltoz\u00e1sainak saj\u00e1toss\u00e1gainak figyelembe v\u00e9tel\u00e9vel tudnak szem\u00e9lyes\/egy\u00e9nre szabott t\u00e1mogat\u00e1st ny\u00fajtani szakmai \u00e9let\u00fat tervez\u00e9s\u00e9ben, fejl\u0151d\u00e9si c\u00e9lok meghat\u00e1roz\u00e1s\u00e1ban\/kit\u0171z\u00e9s\u00e9ben.<\/p><p>Az egy\u00e9ni konzult\u00e1ci\u00f3k sor\u00e1n tan\u00e1csad\u00f3k seg\u00edtenek \u00e1tl\u00e1tni azokat a k\u00e9pess\u00e9ge<span style=\"text-decoration: line-through;\">i<\/span>ket, \u00e9rdekl\u0151d\u00e9si ter\u00fclete<span style=\"text-decoration: line-through;\">i<\/span>ket \u00e9s \u00e9letc\u00e9lokat, amelyek alapj\u00e1n \u00e9rdemes meghat\u00e1rozni a megfelel\u0151 karrierutat., Seg\u00edtenek tov\u00e1bb\u00e1 a p\u00e1lyam\u00f3dos\u00edt\u00e1sban vagy a szakmai el\u0151rel\u00e9p\u00e9s megtervez\u00e9s\u00e9ben, a c\u00e9lzott \u00f6n\u00e9letrajz\u00edr\u00e1sban, \u00e1ll\u00e1sinterj\u00fakra val\u00f3 felk\u00e9sz\u00fcl\u00e9sben \u00e9s a szakmai kapcsolatrendszer felt\u00e9rk\u00e9pez\u00e9s\u00e9ben \u00e9s alkalmaz\u00e1s\u00e1nak j\u00f3 gyakorlat\u00e1ban.<\/p><p>Az \u00e1tfog\u00f3 munkaer\u0151piaci tan\u00e1csad\u00e1si szolg\u00e1ltat\u00e1sunk c\u00e9lja, hogy \u00d6n magabiztosabban tervezhesse a karrierj\u00e9t, megtal\u00e1lja azokat a lehet\u0151s\u00e9geket, amelyek illeszkednek az \u00e9rdekl\u0151d\u00e9si ter\u00fcleteihez \u00e9s c\u00e9ljaihoz, \u00e9s sikeresen megval\u00f3s\u00edthassa a szakmai amb\u00edci\u00f3it.<\/p><p>Ha \u00fagy \u00e9rzi, hogy elakadt a karrierj\u00e9ben<u>,<\/u> \u00e9ppen v\u00e1lt\u00e1son gondolkozik, vagy csak szeretne kicsit t\u00f6bbet meg tudni az aktu\u00e1lis munkaer\u0151piaci lehet\u0151s\u00e9gekr\u0151l, v\u00e1ltoz\u00e1sokr\u00f3l, HR szakembereink \u00f6r\u00f6mmel \u00e1llnak rendelkez\u00e9s\u00e9re, hogy egy\u00fctt megtal\u00e1ljuk az \u00d6n sz\u00e1m\u00e1ra legjobb lehet\u0151s\u00e9get.<\/p>\t\t\t\t\t\t<\/div>\n\t\t\t\t<\/div>\n\t\t\t\t\t<\/div>\n\t\t<\/div>\n\t\t\t\t\t\t\t<\/div>\n\t\t<\/section>\n\t\t\t\t<section class=\"elementor-section elementor-top-section elementor-element elementor-element-c12b2c2 dsvy-col-stretched-none dsvy-bg-color-over-image elementor-section-boxed elementor-section-height-default elementor-section-height-default\" data-id=\"c12b2c2\" data-element_type=\"section\">\n\t\t\t\t\t\t<div class=\"elementor-container elementor-column-gap-default\">\n\t\t\t\t\t<div class=\"elementor-column elementor-col-100 elementor-top-column elementor-element elementor-element-822a73a dsvy-bg-color-over-image\" data-id=\"822a73a\" data-element_type=\"column\">\n\t\t\t<div class=\"elementor-widget-wrap elementor-element-populated\">\n\t\t\t\t\t\t\t\t<div class=\"elementor-element elementor-element-ac16fe3 dsvy-align-center elementor-widget elementor-widget-dsvy_heading\" data-id=\"ac16fe3\" data-element_type=\"widget\" data-widget_type=\"dsvy_heading.default\">\n\t\t\t\t<div class=\"elementor-widget-container\">\n\t\t\t\t<div class=\"dsvy-heading-subheading center-align dsvy-reverse-heading-yes\"><h2 class=\"dsvy-element-title\">\r\n\t\t\t\r\n\t\t\t\t\u00cdrjon nek\u00fcnk a budapest@greensearch.hu e-mail c\u00edmre \u00e9s felvessz\u00fck \u00d6nnel a kapcsolatot!\r\n\t\t\t\r\n\t\t\t<\/h2>\r\n\t\t<\/div>\t\t<\/div>\n\t\t\t\t<\/div>\n\t\t\t\t\t<\/div>\n\t\t<\/div>\n\t\t\t\t\t\t\t<\/div>\n\t\t<\/section>\n\t\t\t\t\t\t<\/div>\n\t\t\t\t\t<\/div>\n\t\t","protected":false},"excerpt":{"rendered":"<p>A munkaer\u0151piaci tan\u00e1csad\u00e1s egy olyan &#8230; &#8230; egy\u00e9ni ig\u00e9nyekre szabott szolg\u00e1ltat\u00e1s, mely seg\u00edt felismerni \u00e9s kibontakoztatni a szakmai tud\u00e1sban rejl\u0151 lehet\u0151s\u00e9geket. Tapasztalt szakembereink a leg\u00fajabb ipar\u00e1gi trendek \u00e9s a munkaer\u0151piac v\u00e1ltoz\u00e1sainak saj\u00e1toss\u00e1gainak figyelembe v\u00e9tel\u00e9vel tudnak szem\u00e9lyes\/egy\u00e9nre szabott t\u00e1mogat\u00e1st ny\u00fajtani szakmai \u00e9let\u00fat tervez\u00e9s\u00e9ben, fejl\u0151d\u00e9si c\u00e9lok meghat\u00e1roz\u00e1s\u00e1ban\/kit\u0171z\u00e9s\u00e9ben. Az egy\u00e9ni konzult\u00e1ci\u00f3k sor\u00e1n tan\u00e1csad\u00f3k seg\u00edtenek \u00e1tl\u00e1tni azokat a k\u00e9pess\u00e9geiket, \u00e9rdekl\u0151d\u00e9si ter\u00fcleteiket \u00e9s \u00e9letc\u00e9lokat, amelyek alapj\u00e1n \u00e9rdemes meghat\u00e1rozni a megfelel\u0151 karrierutat., Seg\u00edtenek tov\u00e1bb\u00e1 a p\u00e1lyam\u00f3dos\u00edt\u00e1sban[&hellip;]<\/p>\n","protected":false},"author":1,"featured_media":0,"parent":0,"menu_order":8,"comment_status":"closed","ping_status":"closed","template":"","meta":{"footnotes":""},"class_list":["post-8752","page","type-page","status-publish","hentry"],"acf":[],"_links":{"self":[{"href":"http:\/\/outdoorstudio.ro\/greensearch\/wp-json\/wp\/v2\/pages\/8752","targetHints":{"allow":["GET"]}}],"collection":[{"href":"http:\/\/outdoorstudio.ro\/greensearch\/wp-json\/wp\/v2\/pages"}],"about":[{"href":"http:\/\/outdoorstudio.ro\/greensearch\/wp-json\/wp\/v2\/types\/page"}],"author":[{"embeddable":true,"href":"http:\/\/outdoorstudio.ro\/greensearch\/wp-json\/wp\/v2\/users\/1"}],"replies":[{"embeddable":true,"href":"http:\/\/outdoorstudio.ro\/greensearch\/wp-json\/wp\/v2\/comments?post=8752"}],"version-history":[{"count":8,"href":"http:\/\/outdoorstudio.ro\/greensearch\/wp-json\/wp\/v2\/pages\/8752\/revisions"}],"predecessor-version":[{"id":9315,"href":"http:\/\/outdoorstudio.ro\/greensearch\/wp-json\/wp\/v2\/pages\/8752\/revisions\/9315"}],"wp:attachment":[{"href":"http:\/\/outdoorstudio.ro\/greensearch\/wp-json\/wp\/v2\/media?parent=8752"}],"curies":[{"name":"wp","href":"https:\/\/api.w.org\/{rel}","templated":true}]}}

Munkaerőpiaci tanácsadás

<div data-elementor-type="wp-page" data-elementor-id="8752" class="elementor elementor-8752" data-elementor-settings="[]">
							<div class="elementor-section-wrap">
							<section class="elementor-section elementor-top-section elementor-element elementor-element-69180f8 dsvy-col-stretched-none dsvy-bg-color-over-image elementor-section-boxed elementor-section-height-default elementor-section-height-default" data-id="69180f8" data-element_type="section">
						<div class="elementor-container elementor-column-gap-default">
					<div class="elementor-column elementor-col-100 elementor-top-column elementor-element elementor-element-97fe8b0 dsvy-bg-color-over-image" data-id="97fe8b0" data-element_type="column">
			<div class="elementor-widget-wrap elementor-element-populated">
								<div class="elementor-element elementor-element-6877068 dsvy-align-center elementor-widget elementor-widget-dsvy_heading" data-id="6877068" data-element_type="widget" data-widget_type="dsvy_heading.default">
				<div class="elementor-widget-container">
				<div class="dsvy-heading-subheading center-align dsvy-reverse-heading-yes"><h2 class="dsvy-element-title">
			
				A munkaerőpiaci tanácsadás egy olyan ...
			
			</h2>
		</div>		</div>
				</div>
					</div>
		</div>
							</div>
		</section>
				<section class="elementor-section elementor-top-section elementor-element elementor-element-c17c473 dsvy-col-stretched-none dsvy-bg-color-over-image elementor-section-boxed elementor-section-height-default elementor-section-height-default" data-id="c17c473" data-element_type="section">
						<div class="elementor-container elementor-column-gap-default">
					<div class="elementor-column elementor-col-100 elementor-top-column elementor-element elementor-element-45e28ec dsvy-bg-color-over-image" data-id="45e28ec" data-element_type="column">
			<div class="elementor-widget-wrap elementor-element-populated">
								<div class="elementor-element elementor-element-651375b elementor-widget elementor-widget-text-editor" data-id="651375b" data-element_type="widget" data-widget_type="text-editor.default">
				<div class="elementor-widget-container">
							<p><strong>&#8230; egyéni igényekre szabott szolgáltatás, mely segít felismerni és kibontakoztatni a szakmai tudásban rejlő lehetőségeket.</strong> Tapasztalt szakembereink a legújabb iparági trendek és a munkaerőpiac változásainak sajátosságainak figyelembe vételével tudnak személyes/egyénre szabott támogatást nyújtani szakmai életút tervezésében, fejlődési célok meghatározásában/kitűzésében.</p><p>Az egyéni konzultációk során tanácsadók segítenek átlátni azokat a képessége<span style="text-decoration: line-through;">i</span>ket, érdeklődési területe<span style="text-decoration: line-through;">i</span>ket és életcélokat, amelyek alapján érdemes meghatározni a megfelelő karrierutat., Segítenek továbbá a pályamódosításban vagy a szakmai előrelépés megtervezésében, a célzott önéletrajzírásban, állásinterjúkra való felkészülésben és a szakmai kapcsolatrendszer feltérképezésében és alkalmazásának jó gyakorlatában.</p><p>Az átfogó munkaerőpiaci tanácsadási szolgáltatásunk célja, hogy Ön magabiztosabban tervezhesse a karrierjét, megtalálja azokat a lehetőségeket, amelyek illeszkednek az érdeklődési területeihez és céljaihoz, és sikeresen megvalósíthassa a szakmai ambícióit.</p><p>Ha úgy érzi, hogy elakadt a karrierjében<u>,</u> éppen váltáson gondolkozik, vagy csak szeretne kicsit többet meg tudni az aktuális munkaerőpiaci lehetőségekről, változásokról, HR szakembereink örömmel állnak rendelkezésére, hogy együtt megtaláljuk az Ön számára legjobb lehetőséget.</p>						</div>
				</div>
					</div>
		</div>
							</div>
		</section>
				<section class="elementor-section elementor-top-section elementor-element elementor-element-c12b2c2 dsvy-col-stretched-none dsvy-bg-color-over-image elementor-section-boxed elementor-section-height-default elementor-section-height-default" data-id="c12b2c2" data-element_type="section">
						<div class="elementor-container elementor-column-gap-default">
					<div class="elementor-column elementor-col-100 elementor-top-column elementor-element elementor-element-822a73a dsvy-bg-color-over-image" data-id="822a73a" data-element_type="column">
			<div class="elementor-widget-wrap elementor-element-populated">
								<div class="elementor-element elementor-element-ac16fe3 dsvy-align-center elementor-widget elementor-widget-dsvy_heading" data-id="ac16fe3" data-element_type="widget" data-widget_type="dsvy_heading.default">
				<div class="elementor-widget-container">
				<div class="dsvy-heading-subheading center-align dsvy-reverse-heading-yes"><h2 class="dsvy-element-title">
			
				Írjon nekünk a budapest@greensearch.hu e-mail címre és felvesszük Önnel a kapcsolatot!
			
			</h2>
		</div>		</div>
				</div>
					</div>
		</div>
							</div>
		</section>
						</div>
					</div>

<p>A munkaerőpiaci tanácsadás egy olyan &#8230; &#8230; egyéni igényekre szabott szolgáltatás, mely segít felismerni és kibontakoztatni a szakmai tudásban rejlő lehetőségeket. Tapasztalt szakembereink a legújabb iparági trendek és a munkaerőpiac változásainak sajátosságainak figyelembe vételével tudnak személyes/egyénre szabott támogatást nyújtani szakmai életút tervezésében, fejlődési célok meghatározásában/kitűzésében. Az egyéni konzultációk során tanácsadók segítenek átlátni azokat a képességeiket, érdeklődési területeiket és életcélokat, amelyek alapján érdemes meghatározni a megfelelő karrierutat., Segítenek továbbá a pályamódosításban[&hellip;]</p>
